ens digit of b?
1
Let g be -1*2 + 1 - -78. Let r be 1 + -2 + 64/16. Suppose -g = -r*x - 26. What is the tens digit of x?
1
Let h be -1 + (2 - 1) + 5. Let w(o) = -3 - 4 + 0 + h - o**2 - 8*o. What is the tens digit of w(-6)?
1
Let c(s) = -3*s**3 + 2*s**2 + 2*s + 1. Let k be c(-1). Suppose 5*x - y - y = 22, -4*y - k = 0. What is the units digit of ((-1)/(-2))/(x/8)?
1
Let m = 7 - 3. Let b(o) = m - 4*o - 2*o**2 - o**2 - o**3 + 8*o**2. What is the units digit of b(4)?
4
Let n = -4 - -7. Suppose 6*f = n*f. What is the units digit of -2*((f - -2) + -6)?
8
Let u(l) = 65*l - 7. What is the tens digit of u(4)?
5
Let k(b) = b**3 + 7*b**2 - 6*b - 7. Let m be k(-7). Let t = m + -24. What is the units digit of t?
1
Let u = 129 + -90. What is the units digit of u?
9
Let a(l) = -2*l - 8. Let n be a(-7). Let s = 7 + n. What is the tens digit of s?
1
Suppose -4*j + 50 + 10 = -3*i, -5*j + 2*i = -75. What is the tens digit of j?
1
What is the units digit of (-7)/(((-12)/4)/9)?
1
Let v(k) = -k**3 - k**2 + 3*k - 3. Let a be v(-3). Let n(y) = -y**2 + 9*y + 3. Let l be n(9). Suppose u - a = -l. What is the units digit of u?
3
Suppose 6*u + 31 = 7*u. What is the tens digit of u?
3
Let a(n) = n**3 + 16*n**2 + 4. Let q be a(-16). Let j(r) be the second derivative of -r**5/20 + r**4/3 + r**3/6 - 3*r**2/2 - r. What is the units digit of j(q)?
1
Suppose -6*i + 310 = -182. What is the tens digit of i?
8
Let x be -16*(-1 - (6 + -3)). Suppose -t + 5*t - x = 0. What is the tens digit of t?
1
Suppose -r + 133 = 6*r. What is the units digit of r?
9
Let p = -4 - -19. Suppose -y - 3 + p = 0. What is the tens digit of y?
1
Suppose -36 = -2*i + 5*i + 3*t, -66 = 5*i - t. Let x = i - -29. What is the units digit of x?
6
Let v(q) = -q**3 + 6*q**2 - 7*q + 7. Let k be v(5). Let b = k + 4. What is the units digit of (b - 2)*-9 + -1?
8
Suppose -10 = 6*l - l. Let f = l - -19. What is the units digit of f?
7
Suppose -5*r - 130 = -0*p - 5*p, -4*r = 5*p - 103. What is the tens digit of p?
2
Let n be (2/(-1) - -1) + 12. What is the units digit of (3 + (3 - 4))*n?
2
Let b be 15/6*(-4)/5. What is the units digit of (b/(-4))/(7/42)?
3
Suppose 3*r - r - n = -1, 0 = 2*r - 5*n + 21. Suppose -2 = -r*b - 0. What is the units digit of b?
1
Let w(v) = -2*v + 6. What is the units digit of w(-13)?
2
Let a(t) = t - 8. Let w be a(6). Let z = w - -5. What is the units digit of 10 - (-3)/(z/(-2))?
8
Suppose -5*b - 21 = 64. Let d = b - -37. What is the tens digit of d?
2
Let u be 2*(-1 - 1)/4. Let k be u - (2 - (-8 + 1)). Let g = -6 - k. What is the units digit of g?
4
Let v(b) = b + 44. What is the units digit of v(0)?
4
Let u(d) = 51*d + 7. Let c(m) = -25*m - 3. Let v(p) = 13*c(p) + 6*u(p). Let s be v(2). What is the units digit of (s/(-15))/((-1)/(-3))?
7
Let d(r) = 2*r**2 + 2. Let n be d(-2). Suppose -4*g + n = -2*g. Suppose 14 = 2*z - 2*i, -g - 1 = -3*i. What is the units digit of z?
9
Let d be (2/(-3))/((-2)/6). Suppose 0 = 3*x + 4*h - 4, -2*x + d*h + 3 = 5*h. Let z(l) = -l**2 + 3. What is the units digit of z(x)?
3
Let z be 4 + 3/((-9)/6). Suppose -5*x + 3*u = -75, 0*x + z*u = 4*x - 58. Suppose i = 5*i - x. What is the units digit of i?
3
Let o = 11 - 3. What is the units digit of o?
8
Suppose 0*p = -p + 2. What is the units digit of p?
2
Let w(u) = -6*u + 8. Let i be 13/5 + (-4)/(-10). Let y(j) = 5*j - 9. Let t(q) = i*w(q) + 4*y(q). What is the units digit of t(8)?
4
Suppose 3*z + 0*p + p = 18, z - 3*p + 4 = 0. What is the units digit of z?
5
Suppose 7*i = i + 852. What is the units digit of i?
2
Suppose 0 = -3*r - c - 3*c - 9, -2*r + 2*c + 8 = 0. Suppose n = -r + 4. Suppose 40 = n*y + y + f, 2*y - 5*f - 20 = 0. What is the tens digit of y?
1
Let l = 57 + -33. What is the tens digit of l?
2
Suppose 28 - 8 = -4*b. Let x(v) = -v**3 - 6*v**2 - 6*v + 4. What is the units digit of x(b)?
9
Let t = 14 + -10. Let n(g) = 2*g**3 - 7*g**2 + 4*g + 1. What is the tens digit of n(t)?
3
Let y(c) be the first derivative of -4*c**2 - c - 5. Let v be y(-5). Suppose 0*x = 3*x - v. What is the units digit of x?
3
Let c(u) = -u**3 + 6*u**2 - 6*u + 10. What is the units digit of c(4)?
8
Let m(s) = -3*s + 2. Suppose -l - 5*h = -0 - 5, 72 = -4*l + 3*h. Let q be -2*(l/(-6) + -1). What is the tens digit of m(q)?
1
Suppose 0 = 5*u - 211 + 56. What is the tens digit of u?
3
Suppose 0 = 3*t + 1 - 10. What is the units digit of -4*t/6*-8?
6
Let y(q) = 6*q + 1. Let r be y(-1). Let l be -4*(15/6)/r. Suppose 3*h = l*h + 16. What is the units digit of h?
6
Let m = -86 - -132. What is the tens digit of m?
4
Let x = 13 + -18. Let j = -5 - x. Suppose u - 2*m = j, 4*u - 3 = 4*m + m. What is the units digit of u?
2
Let q be 2 + (1 - 3) + 61. Suppose 5*a + 6 = q. What is the units digit of a?
1
Let c(j) = -38*j + 1. What is the units digit of c(-1)?
9
Let o be (12/18)/((-2)/(-78)). Suppose 0 = -5*u - o + 71. What is the units digit of u?
9
Suppose -2*h + 168 = 18. What is the units digit of h?
5
Let g(b) be the first derivative of -b**2/2 - 3*b - 1. What is the units digit of g(-5)?
2
Let d = 149 + -89. What is the units digit of d?
0
Let z(l) = 0*l**2 + 1 + 2*l**2 + l**2 - 3*l - 2*l**2. Suppose 0*x + 2*x - 6 = 0. What is the units digit of z(x)?
1
Let i be (-464)/(-24)*(-3)/(-2). What is the units digit of i/9 + 8/(-36)?
3
Let c(m) = m + 12. Suppose -p + z = -2*z + 14, -4*p - 3*z = 41. What is the units digit of c(p)?
1
Let s be -1 + 153 - (2 + -4). Let g be 8/20 + s/(-10). Let o = g - -23. What is the units digit of o?
8
Let d(f) be the third derivative of -11*f**4/12 + f**3/6 + 2*f**2. What is the units digit of d(-1)?
3
Suppose j - 4 = b, -3*b - b - 14 = -3*j. Suppose -3*r + r - 13 = -3*a, 0 = -2*r + j*a - 8. Suppose 3*y - 4 + r = 0. What is the units digit of y?
1
Let u = 2 + 37. What is the tens digit of u?
3
What is the units digit of 6*((-7 - -5) + 18/2)?
2
What is the units digit of 664/20 + -1 - 1/5?
2
Suppose -6*u = -7*u + 45. What is the tens digit of u?
4
Let m = 7 + -4. Suppose -m*x - 4 = -4*x. Suppose -3*r + 3*s = -33, -x*r - s + 34 = -3*s. What is the units digit of r?
6
Suppose 0*n + 42 = 2*n - 2*p, -4*p = -n + 12. Suppose -2*k - n = -5*k. What is the units digit of (-55)/(-20) + 2/k?
3
Let i be ((-33)/(-15))/((-3)/(-15)). Suppose -14 = -5*a + i. Suppose -22 = -a*n + 33. What is the units digit of n?
1
Suppose 2*d = 4*t + 5*d + 6, -d - 7 = 3*t. What is the tens digit of t - -14 - 1 - -2?
1
Let y be (-2)/5*5/(-1). Suppose 2*q = y*g - 16, 51 = 4*g - 5*q + 21. What is the units digit of g?
0
Suppose 0 = -2*p + 2*z + 38, 38 = -5*p - 4*z + 151. What is the tens digit of p?
2
Let g(j) = 7*j**2 + 5. What is the hundreds digit of g(4)?
1
Suppose -4*g + 6*g - 108 = 0. What is the units digit of g?
4
What is the tens digit of (-4280)/(-18) + (-76)/(-18) + -4?
3
Let q(j) = -j**3 - 16*j**2 + 14*j - 18. What is the units digit of q(-17)?
3
Let y(d) = -4 + 2*d**2 + 2*d - 2*d + 4*d + 0. What is the tens digit of y(-4)?
1
Let a be (-4)/(-14) - (-8)/(-28). Suppose 5*p = -a*p + 60. Suppose 0*y - y - 16 = -3*v, p = -3*y. What is the units digit of v?
4
Let y(d) = 15*d**3 - d. Suppose -w - 4*j = -21, -2*w = 4*j - 29 + 7. Suppose -3*x + w = -2*x. What is the units digit of y(x)?
4
Suppose 0*u + u + 27 = 3*d, 0 = -d + 2*u + 9. What is the units digit of d?
9
Suppose 27 = d - 11. What is the units digit of d?
8
What is the units digit of (-2997)/(-12) + (-6)/8?
9
Suppose 2*m = -m - 24. Let j = 9 + m. What is the units digit of j?
1
Suppose 0*j + 30 = 2*j. Let g be (-3)/j + 33/15. What is the units digit of g/3*9 - 1?
5
Suppose -4*a + 136 = 3*t, -88 - 109 = -5*a + 3*t. What is the units digit of a?
7
Let j(f) = 0*f + 2*f - 3 - 3*f. Let s be j(-5). Suppose 4*n = s*n + 3*v + 11, 5*n + 3*v = 17. What is the units digit of n?
4
Suppose -4*p + 5*y = -5*p + 54, -2*p = -4*y - 122. What is the units digit of p?
9
Let t(i) = -i**3 + 6*i**2 - 4*i + 1. Let d = -6 - -11. Let z be t(d). Let y = z - 2. What is the units digit of y?
4
Suppose 4*t - 492 = -5*b + b, -b = -3. What is the tens digit of t?
2
Suppose 30 = c + 2*c. Let m = -17 + c. Let a = 11 + m. What is the units digit of a?
4
Suppose b = -4*c - 2*b - 25, -3*c - 5*b - 5 = 0. Let a = c + 20. What is the units digit of a?
0
Suppose 0 = -5*t + 2*z + 172, -2*t + z + 72 = -3*z. What is the units digit 